{"version":"1.0","provider_name":"FEDE - F\u00e9d\u00e9ration Europ\u00e9enne Des Ecoles","provider_url":"https:\/\/www.fede.education\/en\/","author_name":"Trang BUI","author_url":"https:\/\/www.fede.education\/en\/author\/tbui\/","title":"Democracy in danger \u2013 humanism to the rescue! - FEDE - F\u00e9d\u00e9ration Europ\u00e9enne Des Ecoles","type":"rich","width":600,"height":338,"html":"<blockquote class=\"wp-embedded-content\" data-secret=\"Mv9uBUAxgZ\"><a href=\"https:\/\/www.fede.education\/en\/2020\/01\/08\/democracy-in-danger-humanism-to-the-rescue\/\">Democracy in danger \u2013 humanism to the rescue!<\/a><\/blockquote><iframe sandbox=\"allow-scripts\" security=\"restricted\" src=\"https:\/\/www.fede.education\/en\/2020\/01\/08\/democracy-in-danger-humanism-to-the-rescue\/embed\/#?secret=Mv9uBUAxgZ\" width=\"600\" height=\"338\" title=\"&#8220;Democracy in danger \u2013 humanism to the rescue!&#8221; &#8212; FEDE - F\u00e9d\u00e9ration Europ\u00e9enne Des Ecoles\" data-secret=\"Mv9uBUAxgZ\" frameborder=\"0\" marginwidth=\"0\" marginheight=\"0\" scrolling=\"no\" class=\"wp-embedded-content\"><\/iframe><script type=\"text\/javascript\">\n\/* <![CDATA[ *\/\n\/*! This file is auto-generated *\/\n!function(d,l){\"use strict\";l.querySelector&&d.addEventListener&&\"undefined\"!=typeof URL&&(d.wp=d.wp||{},d.wp.receiveEmbedMessage||(d.wp.receiveEmbedMessage=function(e){var t=e.data;if((t||t.secret||t.message||t.value)&&!\/[^a-zA-Z0-9]\/.test(t.secret)){for(var s,r,n,a=l.querySelectorAll('iframe[data-secret=\"'+t.secret+'\"]'),o=l.querySelectorAll('blockquote[data-secret=\"'+t.secret+'\"]'),c=new RegExp(\"^https?:$\",\"i\"),i=0;i<o.length;i++)o[i].style.display=\"none\";for(i=0;i<a.length;i++)s=a[i],e.source===s.contentWindow&&(s.removeAttribute(\"style\"),\"height\"===t.message?(1e3<(r=parseInt(t.value,10))?r=1e3:~~r<200&&(r=200),s.height=r):\"link\"===t.message&&(r=new URL(s.getAttribute(\"src\")),n=new URL(t.value),c.test(n.protocol))&&n.host===r.host&&l.activeElement===s&&(d.top.location.href=t.value))}},d.addEventListener(\"message\",d.wp.receiveEmbedMessage,!1),l.addEventListener(\"DOMContentLoaded\",function(){for(var e,t,s=l.querySelectorAll(\"iframe.wp-embedded-content\"),r=0;r<s.length;r++)(t=(e=s[r]).getAttribute(\"data-secret\"))||(t=Math.random().toString(36).substring(2,12),e.src+=\"#?secret=\"+t,e.setAttribute(\"data-secret\",t)),e.contentWindow.postMessage({message:\"ready\",secret:t},\"*\")},!1)))}(window,document);\n\/* ]]> *\/\n<\/script>\n","thumbnail_url":"https:\/\/www.fede.education\/wp-content\/uploads\/2022\/05\/post_fede_Jean_Michel_Quillardet_fede_federation_europeenne_ecoles_european_federation_school.jpg","thumbnail_width":1200,"thumbnail_height":627,"description":"Jean-Michel Quillardet (PhD in literature), a well-known lawyer and long-term member of the FEDE\u2019s Academic Council, has just published his latest work at Editions Dervy. Pour un humanisme universel\u00a0: Force, beaut\u00e9 et sagesse de la r\u00e9publique la\u00efque\u00a0[Universal Humanism: the Strength, Beauty and Wisdom of the Secular Republic] is both profound and accessible, arguing that humanism is as relevant today as it ever was. For the author, 21st-century humanism means inscribing ourselves in a history and an intellectual heritage and, on the basis of these traditions, contributing to the development of a social project. In an increasingly dehumanised world in which mass crimes are committed before our very eyes, the humanist project \u2013 a form of optimism based on faith in humankind\u2019s natural capacities \u2013 is as pressing as ever. 21st-century [&hellip;]"}

FEDE - Fédération Européenne Des Ecoles

Democracy in danger – humanism to the rescue! - FEDE - Fédération Européenne Des Ecoles

<blockquote class="wp-embedded-content" data-secret="Mv9uBUAxgZ"><a href="https://www.fede.education/en/2020/01/08/democracy-in-danger-humanism-to-the-rescue/">Democracy in danger – humanism to the rescue!</a></blockquote><iframe sandbox="allow-scripts" security="restricted" src="https://www.fede.education/en/2020/01/08/democracy-in-danger-humanism-to-the-rescue/embed/#?secret=Mv9uBUAxgZ" width="600" height="338" title="&#8220;Democracy in danger – humanism to the rescue!&#8221; &#8212; FEDE - Fédération Européenne Des Ecoles" data-secret="Mv9uBUAxgZ" frameborder="0" marginwidth="0" marginheight="0" scrolling="no" class="wp-embedded-content"></iframe><script type="text/javascript">
/* <![CDATA[ */
/*! This file is auto-generated */
!function(d,l){"use strict";l.querySelector&&d.addEventListener&&"undefined"!=typeof URL&&(d.wp=d.wp||{},d.wp.receiveEmbedMessage||(d.wp.receiveEmbedMessage=function(e){var t=e.data;if((t||t.secret||t.message||t.value)&&!/[^a-zA-Z0-9]/.test(t.secret)){for(var s,r,n,a=l.querySelectorAll('iframe[data-secret="'+t.secret+'"]'),o=l.querySelectorAll('blockquote[data-secret="'+t.secret+'"]'),c=new RegExp("^https?:$","i"),i=0;i<o.length;i++)o[i].style.display="none";for(i=0;i<a.length;i++)s=a[i],e.source===s.contentWindow&&(s.removeAttribute("style"),"height"===t.message?(1e3<(r=parseInt(t.value,10))?r=1e3:~~r<200&&(r=200),s.height=r):"link"===t.message&&(r=new URL(s.getAttribute("src")),n=new URL(t.value),c.test(n.protocol))&&n.host===r.host&&l.activeElement===s&&(d.top.location.href=t.value))}},d.addEventListener("message",d.wp.receiveEmbedMessage,!1),l.addEventListener("DOMContentLoaded",function(){for(var e,t,s=l.querySelectorAll("iframe.wp-embedded-content"),r=0;r<s.length;r++)(t=(e=s[r]).getAttribute("data-secret"))||(t=Math.random().toString(36).substring(2,12),e.src+="#?secret="+t,e.setAttribute("data-secret",t)),e.contentWindow.postMessage({message:"ready",secret:t},"*")},!1)))}(window,document);
/* ]]> */
</script>

Jean-Michel Quillardet (PhD in literature), a well-known lawyer and long-term member of the FEDE’s Academic Council, has just published his latest work at Editions Dervy. Pour un humanisme universel : Force, beauté et sagesse de la république laïque [Universal Humanism: the Strength, Beauty and Wisdom of the Secular Republic] is both profound and accessible, arguing that humanism is as relevant today as it ever was. For the author, 21st-century humanism means inscribing ourselves in a history and an intellectual heritage and, on the basis of these traditions, contributing to the development of a social project. In an increasingly dehumanised world in which mass crimes are committed before our very eyes, the humanist project – a form of optimism based on faith in humankind’s natural capacities – is as pressing as ever. 21st-century [&hellip;]
