{"version":"1.0","provider_name":"FEDE - F\u00e9d\u00e9ration Europ\u00e9enne Des Ecoles","provider_url":"https:\/\/www.fede.education\/en\/","author_name":"Trang BUI","author_url":"https:\/\/www.fede.education\/en\/author\/tbui\/","title":"Meeting with Farid Boutouba, former student at ESTC - FEDE - F\u00e9d\u00e9ration Europ\u00e9enne Des Ecoles","type":"rich","width":600,"height":338,"html":"<blockquote class=\"wp-embedded-content\" data-secret=\"FRNB9gy1XO\"><a href=\"https:\/\/www.fede.education\/en\/2021\/05\/05\/rencontre-avec-un-ancien-etudiant-farid-boutouba\/\">Meeting with Farid Boutouba, former student at ESTC<\/a><\/blockquote><iframe sandbox=\"allow-scripts\" security=\"restricted\" src=\"https:\/\/www.fede.education\/en\/2021\/05\/05\/rencontre-avec-un-ancien-etudiant-farid-boutouba\/embed\/#?secret=FRNB9gy1XO\" width=\"600\" height=\"338\" title=\"&#8220;Meeting with Farid Boutouba, former student at ESTC&#8221; &#8212; FEDE - F\u00e9d\u00e9ration Europ\u00e9enne Des Ecoles\" data-secret=\"FRNB9gy1XO\" frameborder=\"0\" marginwidth=\"0\" marginheight=\"0\" scrolling=\"no\" class=\"wp-embedded-content\"><\/iframe><script type=\"text\/javascript\">\n\/* <![CDATA[ *\/\n\/*! This file is auto-generated *\/\n!function(d,l){\"use strict\";l.querySelector&&d.addEventListener&&\"undefined\"!=typeof URL&&(d.wp=d.wp||{},d.wp.receiveEmbedMessage||(d.wp.receiveEmbedMessage=function(e){var t=e.data;if((t||t.secret||t.message||t.value)&&!\/[^a-zA-Z0-9]\/.test(t.secret)){for(var s,r,n,a=l.querySelectorAll('iframe[data-secret=\"'+t.secret+'\"]'),o=l.querySelectorAll('blockquote[data-secret=\"'+t.secret+'\"]'),c=new RegExp(\"^https?:$\",\"i\"),i=0;i<o.length;i++)o[i].style.display=\"none\";for(i=0;i<a.length;i++)s=a[i],e.source===s.contentWindow&&(s.removeAttribute(\"style\"),\"height\"===t.message?(1e3<(r=parseInt(t.value,10))?r=1e3:~~r<200&&(r=200),s.height=r):\"link\"===t.message&&(r=new URL(s.getAttribute(\"src\")),n=new URL(t.value),c.test(n.protocol))&&n.host===r.host&&l.activeElement===s&&(d.top.location.href=t.value))}},d.addEventListener(\"message\",d.wp.receiveEmbedMessage,!1),l.addEventListener(\"DOMContentLoaded\",function(){for(var e,t,s=l.querySelectorAll(\"iframe.wp-embedded-content\"),r=0;r<s.length;r++)(t=(e=s[r]).getAttribute(\"data-secret\"))||(t=Math.random().toString(36).substring(2,12),e.src+=\"#?secret=\"+t,e.setAttribute(\"data-secret\",t)),e.contentWindow.postMessage({message:\"ready\",secret:t},\"*\")},!1)))}(window,document);\n\/* ]]> *\/\n<\/script>\n","thumbnail_url":"https:\/\/www.fede.education\/wp-content\/uploads\/2022\/06\/Farid-Boutouba-FEDE.jpg","thumbnail_width":1200,"thumbnail_height":627,"description":"Graduated from ESTC, Farid Boutouba explains us why he wanted to add the FEDE degree in human resources to his previous studies and\u00a0 how the key skills he developed through the programme enabled him to deeply understand the central role of the HR manager in a company. Can you tell us what you studied and a little about your career so far? In 2003 I obtained a BTS in Business Unit Management via sandwich training at the Carrefour Marseille Grand Littoral supermarket.\u00a0 For eight years I worked as a product and services vendor. In 2013 I became intern manager for multimedia sales on the same site. I managed 10 people and a dashboard covering \u20ac8 million of turnover. From 2015 to 2020 I was transferred to Carrefour Beaucaire and became [&hellip;]"}

FEDE - Fédération Européenne Des Ecoles

Meeting with Farid Boutouba, former student at ESTC - FEDE - Fédération Européenne Des Ecoles

<blockquote class="wp-embedded-content" data-secret="FRNB9gy1XO"><a href="https://www.fede.education/en/2021/05/05/rencontre-avec-un-ancien-etudiant-farid-boutouba/">Meeting with Farid Boutouba, former student at ESTC</a></blockquote><iframe sandbox="allow-scripts" security="restricted" src="https://www.fede.education/en/2021/05/05/rencontre-avec-un-ancien-etudiant-farid-boutouba/embed/#?secret=FRNB9gy1XO" width="600" height="338" title="&#8220;Meeting with Farid Boutouba, former student at ESTC&#8221; &#8212; FEDE - Fédération Européenne Des Ecoles" data-secret="FRNB9gy1XO" frameborder="0" marginwidth="0" marginheight="0" scrolling="no" class="wp-embedded-content"></iframe><script type="text/javascript">
/* <![CDATA[ */
/*! This file is auto-generated */
!function(d,l){"use strict";l.querySelector&&d.addEventListener&&"undefined"!=typeof URL&&(d.wp=d.wp||{},d.wp.receiveEmbedMessage||(d.wp.receiveEmbedMessage=function(e){var t=e.data;if((t||t.secret||t.message||t.value)&&!/[^a-zA-Z0-9]/.test(t.secret)){for(var s,r,n,a=l.querySelectorAll('iframe[data-secret="'+t.secret+'"]'),o=l.querySelectorAll('blockquote[data-secret="'+t.secret+'"]'),c=new RegExp("^https?:$","i"),i=0;i<o.length;i++)o[i].style.display="none";for(i=0;i<a.length;i++)s=a[i],e.source===s.contentWindow&&(s.removeAttribute("style"),"height"===t.message?(1e3<(r=parseInt(t.value,10))?r=1e3:~~r<200&&(r=200),s.height=r):"link"===t.message&&(r=new URL(s.getAttribute("src")),n=new URL(t.value),c.test(n.protocol))&&n.host===r.host&&l.activeElement===s&&(d.top.location.href=t.value))}},d.addEventListener("message",d.wp.receiveEmbedMessage,!1),l.addEventListener("DOMContentLoaded",function(){for(var e,t,s=l.querySelectorAll("iframe.wp-embedded-content"),r=0;r<s.length;r++)(t=(e=s[r]).getAttribute("data-secret"))||(t=Math.random().toString(36).substring(2,12),e.src+="#?secret="+t,e.setAttribute("data-secret",t)),e.contentWindow.postMessage({message:"ready",secret:t},"*")},!1)))}(window,document);
/* ]]> */
</script>
